-3).
-2
Let x(j) = 10*j**2 + 481*j + 45. Give x(-48).
-3
Let s(k) = 2*k - 42. What is s(17)?
-8
Let k(f) = -12*f + 483. Calculate k(33).
87
Let y(z) = 119*z - 3555. Determine y(27).
-342
Let c(s) = s**3 + 33*s**2 + 59*s - 129. Give c(-31).
-36
Let j(d) = -2743*d - 13718. Give j(-5).
-3
Let o(n) = n**3 + 13*n**2 + 12*n + 9. Determine o(-14).
-355
Let o(r) = -2*r**2 + 16*r + 58. Give o(11).
-8
Let x(c) = 4*c + 97. Give x(-38).
-55
Let h(y) = -y**3 + 6*y**2 - 16*y + 49. What is h(3)?
28
Let g(l) = -l**2 + 28*l + 77. Give g(31).
-16
Let k(q) = 2*q**3 + 22*q**2 - q + 7. Determine k(-12).
-269
Let l(w) = -26*w**2 - 116*w + 436. What is l(-7)?
-26
Let j(t) = 7097*t + 28383. Determine j(-4).
-5
Let f(r) = -34*r + 3154. What is f(93)?
-8
Let m(u) = u**2 - 377*u + 35396. What is m(200)?
-4
Let w(o) = -2*o**2 - 35*o - 143. What is w(-8)?
9
Let w(z) = -79*z**2 + 1186*z - 82. Calculate w(15).
-67
Let u(k) = -3*k**2 - 147*k - 198. Give u(-48).
-54
Let d(v) = -v**3 - 113*v**2 - 48*v - 5405. Calculate d(-113).
19
Let m(y) = -22*y**3 + 3*y**2 + 3*y - 1. Calculate m(-1).
21
Let r(z) = 50*z - 3193. Determine r(64).
7
Let f(i) = -1420*i + 17040. What is f(12)?
0
Let n(k) = 268*k**2 - 16349*k + 58. Calculate n(61).
-3
Let w(f) = 28*f + 1122. Determine w(-45).
-138
Let y(d) = -d**2 - 233*d - 13167. Calculate y(-97).
25
Let b(g) = 13*g**2 - 141*g - 1066. What is b(16)?
6
Let j(x) = -x**3 + 30*x**2 + 29*x - 18. What is j(31)?
-80
Let w(u) = -3*u**2 - 63*u + 599. Determine w(7).
11
Let p(w) = -4*w + 6. Determine p(-55).
226
Let l(h) = -h**3 - 50*h**2 + 45*h - 272. Calculate l(-51).
34
Let s(p) = -p**2 + 151*p - 1392. Determine s(141).
18
Let b(w) = -w**3 - w**2 + 210*w + 21. Give b(14).
21
Let z(w) = -3*w**2 - 242*w - 1266. Give z(-5).
-131
Let f(z) = -z**3 - 213*z**2 + 1135*z + 9811. Determine f(-218).
1
Let x(t) = -17*t - 48. What is x(-1)?
-31
Let b(r) = 400*r - 24333. Determine b(61).
67
Let m(h) = 2*h**3 - 8*h**2 - 3*h + 20. What is m(3)?
-7
Let f(z) = 20*z**2 - 60*z - 14. Give f(3).
-14
Let f(i) = -60*i + 260. What is f(5)?
-40
Let v(b) = -3*b**3 + 28*b**2 - 4*b + 180. Determine v(10).
-60
Let q(s) = 2*s**2 + 22*s + 64. Calculate q(-6).
4
Let a(t) = -t**3 + 57*t**2 + 45*t + 682. Determine a(58).
-72
Let k(t) = 2*t**2 - 676*t - 6324. Determine k(-9).
-78
Let t(q) = 2*q**3 - 150*q**2 + 2*q - 147. What is t(75)?
3
Let o(t) = -t**3 - 89*t**2 + 1091*t - 896. Calculate o(-100).
4
Let m(v) = v - 76. Give m(-1).
-77
Let v(h) = 2*h**3 + 18*h**2 + 16*h + 21. Determine v(-8).
21
Let z(r) = 662*r - 3309. Calculate z(5).
1
Let d(b) = -50*b + 30. Determine d(1).
-20
Let b(a) = 816*a - 816. Calculate b(1).
0
Let h(a) = a**3 - 62*a**2 - 61*a - 133. Calculate h(63).
-7
Let i(l) = -7*l + 46. Calculate i(7).
-3
Let l(g) = -g**3 + 14*g**2 + 15*g + 1. Calculate l(15).
1
Let f(g) = 6*g - 308. Give f(51).
-2
Let a(m) = m - 43. Determine a(-8).
-51
Let v(n) = 2*n**3 + 67*n**2 + 48*n + 506. Give v(-33).
11
Let p(n) = -n**3 + 28*n**2 - 73*n + 50. Give p(25).
100
Let p(a) = 4*a**2 - 252*a + 261. Give p(62).
13
Let i(c) = c**3 - 2*c**2 - 24*c - 92. Determine i(0).
-92
Let d(h) = -h**3 - 4*h**2 + 16*h + 68. Calculate d(-7).
103
Let s(m) = 68*m + 282. Determine s(-3).
78
Let j(x) = -2*x**3 + 11*x**2 + 22*x - 26. Calculate j(7).
-19
Let q(t) = t**3 + 9*t**2 + 6*t + 7. Determine q(-6).
79
Let k(m) = m**3 - 31*m**2 + 11*m + 1358. Determine k(29).
-5
Let r(v) = -63*v + 125. Give r(2).
-1
Let o(v) = -4*v - 321. Calculate o(-78).
-9
Let a(o) = -2*o**3 + 36*o**2 - 109*o + 68. Determine a(3).
11
Let f(q) = -280*q - 289. Calculate f(-1).
-9
Let x(p) = -3*p**2 + 127*p - 132. Determine x(42).
-90
Let y(h) = -31*h - 32. Give y(7).
-249
Let c(f) = -f**3 - 16*f**2 - 9*f + 13. Determine c(-14).
-253
Let q(u) = 2*u**3 + 13*u**2 - 45*u - 321. What is q(-7)?
-55
Let u(w) = -w**3 + 6*w**2 - 5*w - 1. What is u(5)?
-1
Let t(w) = -31*w - 615. Give t(-20).
5
Let o(u) = 237*u - 2140. Determine o(9).
-7
Let d(j) = -333*j + 2618. Calculate d(8).
-46
Let x(y) = -134*y - 873. Calculate x(-9).
333
Let y(b) = b**2 - 19*b - 5908. Calculate y(87).
8
Let o(y) = 408*y + 3703. Determine o(-9).
31
Let q(u) = -2*u**3 + 26*u**2 - 90*u + 79. What is q(8)?
-1
Let v(q) = -2059*q + 2041. What is v(1)?
-18
Let v(u) = -2*u**2 + 26*u - 50. What is v(13)?
-50
Let l(f) = -2*f**2 - 74*f + 71. What is l(-40)?
-169
Let i(a) = -34*a**3 - a**2 + a - 2. Calculate i(1).
-36
Let y(s) = -s**3 + 10*s**2 - 16*s + 16. Calculate y(8).
16
Let p(u) = u**3 - 28*u**2 + 124*u + 199. Determine p(22).
23
Let w(b) = b**3 - 24*b**2 - 23*b - 34. Give w(24).
-586
Let x(r) = -2*r**2 + 21*r + 7. What is x(11)?
-4
Let p(r) = 12*r**2 - 404*r - 55. What is p(34)?
81
Let q(v) = 70*v + 72. What is q(-1)?
2
Let o(g) = 117*g**2 + 77*g + 77. What is o(-1)?
117
Let k(t) = -t**2 + 30*t + 1493. What is k(56)?
37
Let k(r) = -r**3 - 15*r**2 - 65*r - 221. Determine k(-11).
10
Let u(h) = -535*h - 11808. What is u(-22)?
-38
Let c(x) = 7*x**2 + 1137*x + 490. Give c(-162).
4
Let j(y) = 70*y - 546. Calculate j(8).
14
Let g(a) = -30*a - 1780. Calculate g(-52).
-220
Let x(v) = 3*v**3 - 56*v**2 + 29*v + 30. Give x(18).
-96
Let h(f) = 20*f + 695. What is h(-36)?
-25
Let p(u) = 12*u**2 - 70*u - 20. Determine p(7).
78
Let n(q) = -93*q - 574. Calculate n(-6).
-16
Let s(j) = -j**3 - 9*j**2 - 8*j + 44. Give s(-10).
224
Let x(y) = -8*y**2 + 146*y - 441. Calculate x(4).
15
Let s(f) = -f**3 + 16*f**2 + 11*f - 231. Determine s(16).
-55
Let b(p) = -5*p**3 - 28*p**2 + 4*p + 44. What is b(-6)?
92
Let n(h) = h**3 - h + 6. What is n(-5)?
-114
Let u(q) = -5*q**2 - 10*q + 2. Calculate u(-5).
-73
Let s(y) = y**2 + 42*y - 241. What is s(5)?
-6
Let f(j) = -655*j + 135. What is f(1)?
-520
Let w(t) = -2*t**3 + 179*t**2 - 268*t + 346. Calculate w(88).
-6
Let o(d) = -5*d**2 - 414*d + 1381. What is o(-86)?
5
Let h(j) = j**3 + 19*j**2 - 30*j + 238. Give h(-21).
-14
Let n(c) = -c**3 - 7*c**2 + 31*c + 34. What is n(-10)?
24
Let s(i) = -4*i**3 - 54*i**2 - 36*i - 121. Give s(-13).
9
Let g(k) = -3595*k + 32302. Give g(9).
-53
Let o(t) = 3*t**2 - 6*t - 15. Give o(4).
9
Let j(u) = 2477*u + 14851. Calculate j(-6).
-11
Let o(j) = j**3 - 36*j**2 - 118*j + 52. What is o(39)?
13
Let d(t) = t**2 - 30*t - 169. Determine d(-6).
47
Let v(h) = 28*h - 6. What is v(-20)?
-566
Let s(f) = -50*f**3 + 7*f**2 + 4*f - 18. What is s(-2)?
402
Let i(z) = -z**3 + 7*z**2 + 59*z + 1863. Give i(17).
-24
Let t(i) = 4*i**3 - 34*i**2 + 35*i - 153. Give t(8).
-1
Let m(y) = y**3 - 11*y**2 - 53*y - 95. What is m(15)?
10
Let b(t) = t**2 - 43*t - 275. Give b(-6).
19
Let n(g) = g**3 - 53*g**2 + 276*g + 303. What is n(47)?
21
Let w(o) = o**3 + 9*o**2 - 485*o + 8. Determine w(18).
26
Let q(u) = 2456*u + 142453. Give q(-58).
5
Let j(y) = -y**3 - 12*y**2 + 65*y + 43. Give j(-16).
27
Let m(g) = 6*g**2 + 561*g + 251. What is m(-93)?
-28
Let i(n) = -2*n**2 + n + 1368. Give i(-28).
-228
Let i(l) = -70*l + 327. Give i(4).
47
Let o(j) = -322*j - 1421. What is o(-4)?
-133
Let c(f) = 143*f + 293. Calculate c(-2).
7
Let d(g) = -67*g - 411. Calculate d(-5).
-76
Let o(h) = -h**3 - 34*h**2 - 169*h + 6. Determine o(-28).
34
Let g(j) = -5*j**2 + 19*j - 64. Give g(5).
-94
Let m(b) = 3*b + 162. Calculate m(-33).
63
Let a(s) = -2*s**3 - 7*s**2 - 12*s - 9. Calculate a(-5).
126
Let j(w) = -18*w**2 + 96*w - 18. Give j(5).
12
Let j(f) = -f**2 - 48*f - 475. Calculate j(-34).
1
Let m(p) = 4*p**2 + 17*p + 24. Calculate m(-9).
195
Let i(l) = -2*l**2 - 106*l + 575. Give i(-58).
-5
Let b(o) = 2*o**3 - 14*o**2 - o + 81. Calculate b(6).
3
Let z(x) = -x**3 - 12*x**2 + 18*x + 242. Calculate z(-12).
26
Let o(s) = 2*s**2 + 268*s + 2473. What is o(-10)?
-7
Let i(n) = n**2 + 9959*n - 119660. Calculate i(12).
-8
Let d(p) = -p**3 - 7*p**2 + 4*p - 19. Give d(-6).
-79
Let u(w) = 2*w**2 - 8*w + 46. Give u(-9).
280
Let g(d) = -452*d - 24865. What is g(-55)?
-5
Let s(g) = g**3 - 46*g**2 + 94*g - 288. Determine s(44).
-24
Let i(u) = 2*u**3 - 64*u**2 + 60*u + 112. Give i(31).
50
Let f(u) = -23*u**2 + 22*u + 456. Calculate f(-4).
0
Let v(q) = -q**3 + 6*q**2 + 8*q + 1. What is v(-4)?
129
Let p(v) = 3*v + 118. What is p(-8)?
94
Let n(l) = 8*l**3 + 325*l**2 - 126*l - 95. What is n(-41)?
28
Let m(c) = -c**3 - 8*c**2 - 2*c - 685. Calculate m(0).
-685
Let l(b) = -4*b**2 + 18*b + 26. What is l(6)?
-1